31
List the prime factors of 333.
3, 37
What are the prime factors of 40685?
5, 79, 103
List the prime factors of 1115.
5, 223
List the prime factors of 59722.
2, 13, 2297
List the prime factors of 58524.
2, 3, 4877
List the prime factors of 17621.
67, 263
What are the prime factors of 5535?
3, 5, 41
What are the prime factors of 156451?
17, 9203
What are the prime factors of 11001?
3, 19, 193
List the prime factors of 24499.
24499
List the prime factors of 1333.
31, 43
List the prime factors of 8466.
2, 3, 17, 83
What are the prime factors of 5329?
73
List the prime factors of 112.
2, 7
List the prime factors of 687.
3, 229
List the prime factors of 1016.
2, 127
List the prime factors of 450.
2, 3, 5
List the prime factors of 2306.
2, 1153
What are the prime factors of 340?
2, 5, 17
List the prime factors of 21930.
2, 3, 5, 17, 43
List the prime factors of 898.
2, 449
List the prime factors of 4783.
4783
List the prime factors of 1081.
23, 47
What are the prime factors of 10750?
2, 5, 43
What are the prime factors of 17198?
2, 8599
List the prime factors of 19284.
2, 3, 1607
What are the prime factors of 3873?
3, 1291
What are the prime factors of 3458?
2, 7, 13, 19
List the prime factors of 7380.
2, 3, 5, 41
What are the prime factors of 12080?
2, 5, 151
What are the prime factors of 1984?
2, 31
List the prime factors of 91327.
271, 337
List the prime factors of 3933.
3, 19, 23
What are the prime factors of 34095?
3, 5, 2273
List the prime factors of 128918.
2, 73, 883
List the prime factors of 7987.
7, 163
What are the prime factors of 4721?
4721
What are the prime factors of 2621?
2621
List the prime factors of 1253.
7, 179
What are the prime factors of 114473?
114473
What are the prime factors of 3725?
5, 149
What are the prime factors of 241?
241
What are the prime factors of 3023?
3023
What are the prime factors of 53?
53
List the prime factors of 837.
3, 31
What are the prime factors of 527?
17, 31
What are the prime factors of 8012?
2, 2003
What are the prime factors of 128?
2
List the prime factors of 411.
3, 137
List the prime factors of 7588.
2, 7, 271
List the prime factors of 6091.
6091
What are the prime factors of 14790?
2, 3, 5, 17, 29
What are the prime factors of 1766?
2, 883
List the prime factors of 3988.
2, 997
What are the prime factors of 4304?
2, 269
List the prime factors of 153254.
2, 19, 37, 109
What are the prime factors of 130?
2, 5, 13
List the prime factors of 650.
2, 5, 13
List the prime factors of 8496.
2, 3, 59
List the prime factors of 7811.
73, 107
What are the prime factors of 67123?
7, 43, 223
List the prime factors of 842.
2, 421
What are the prime factors of 10275?
3, 5, 137
What are the prime factors of 43?
43
What are the prime factors of 1296?
2, 3
List the prime factors of 2399.
2399
List the prime factors of 130068.
2, 3, 3613
List the prime factors of 8363.
8363
What are the prime factors of 1799?
7, 257
What are the prime factors of 104?
2, 13
What are the prime factors of 4261?
4261
What are the prime factors of 2988?
2, 3, 83
List the prime factors of 940.
2, 5, 47
What are the prime factors of 164?
2, 41
What are the prime factors of 19767?
3, 11, 599
List the prime factors of 436.
2, 109
What are the prime factors of 9367?
17, 19, 29
List the prime factors of 659.
659
List the prime factors of 1739.
37, 47
What are the prime factors of 668?
2, 167
List the prime factors of 185097.
3, 11, 71, 79
List the prime factors of 1376.
2, 43
List the prime factors of 3272.
2, 409
List the prime factors of 1237.
1237
What are the prime factors of 5048?
2, 631
List the prime factors of 125.
5
List the prime factors of 15584.
2, 487
List the prime factors of 20797.
7, 2971
What are the prime factors of 2170?
2, 5, 7, 31
What are the prime factors of 2147?
19, 113
What are the prime factors of 122746?
2, 13, 4721
List the prime factors of 4086.
2, 3, 227
List the prime factors of 1322.
2, 661
What are the prime factors of 605?
5, 11
What are the prime factors of 104688?
2, 3, 727
List the prime factors of 131559.
3, 43853
What are the prime factors of 3659?
3659
What are the prime factors of 1356?
2, 3, 113
What are the prime factors of 29161?
11, 241
What are the prime factors of 12384?
2, 3, 43
List the prime factors of 105295.
5, 21059
What are the prime factors of 481?
13, 37
What are the prime factors of 15049?
101, 149
What are the prime factors of 491?
491
What are the prime factors of 48093?
3, 17, 23, 41
List the prime factors of 1381.
1381
What are the prime factors of 21772?
2, 5443
List the prime factors of 5159.
7, 11, 67
List the prime factors of 41990.
2, 5, 13, 17, 19
What are the prime factors of 2597?
7, 53
What are the prime factors of 1719?
3, 191
What are the prime factors of 45348?
2, 3, 3779
What are the prime factors of 3209?
3209
List the prime factors of 12863.
19, 677
List the prime factors of 115243.
17, 6779
What are the prime factors of 88624?
2, 29, 191
List the prime factors of 7938.
2, 3, 7
List the prime factors of 63548.
2, 15887
What are the prime factors of 70?
2, 5, 7
What are the prime factors of 145702?
2, 263, 277
What are the prime factors of 1714?
2, 857
List the prime factors of 54321.
3, 19, 953
What are the prime factors of 1160?
2, 5, 29
List the prime factors of 11993.
67, 179
What are the prime factors of 9388?
2, 2347
What are the prime factors of 7190?
2, 5, 719
List the prime factors of 7263.
3, 269
List the prime factors of 3136.
2, 7
List the prime factors of 3411.
3, 379
List the prime factors of 612.
2, 3, 17
What are the prime factors of 1561?
7, 223
List the prime factors of 28654.
2, 14327
List the prime factors of 1358.
2, 7, 97
List the prime factors of 3377.
11, 307
What are the prime factors of 10819?
31, 349
List the prime factors of 1152.
2, 3
What are the prime factors of 6706?
2, 7, 479
List the prime factors of 41984.
2, 41
What are the prime factors of 872?
2, 109
What are the prime factors of 1378?
2, 13, 53
List the prime factors of 26149.
79, 331
What are the prime factors of 19819?
19819
What are the prime factors of 2337?
3, 19, 41
What are the prime factors of 21007?
7, 3001
List the prime factors of 746.
2, 373
What are the prime factors of 15079?
17, 887
List the prime factors of 2879.
2879
List the prime factors of 2172.
2, 3, 181
List the prime factors of 5180.
2, 5, 7, 37
What are the prime factors of 53093?
53093
List the prime factors of 6522.
2, 3, 1087
List the prime factors of 22986.
2, 3, 1277
List the prime factors of 1067.
11, 97
What are the prime factors of 265?
5, 53
What are the prime factors of 35644?
2, 7, 19, 67
What are the prime factors of 299?
13, 23
List the prime factors of 6407.
43, 149
What are the prime factors of 165?
3, 5, 11
What are the prime factors of 30293?
30293
What are the prime factors of 817?
19, 43
What are the prime factors of 10668?
2, 3, 7, 127
List the prime factors of 1888.
2, 59
List the prime factors of 31799.
31799
List the prime factors of 2771.
17, 163
List the prime factors of 1695.
3, 5, 113
What are the prime factors of 4883?
19, 257
What are the prime factors of 10290?
2, 3, 5, 7
List the prime factors of 50365.
5, 7, 1439
List the prime factors of 18277.
7, 373
List the prime factors of 35541.
3, 11, 359
What are the prime factors of 13586?
2, 6793
List the prime factors of 12.
2, 3
What are the prime factors of 32192?
2, 503
List the prime factors of 5117.
7, 17, 43
What are the prime factors of 1006?
2, 503
What are the prime factors of 428?
2, 107
What are the prime factors of 656?
2, 41
List the prime factors of 6155.
5, 1231
What are the prime factors of 10541?
83, 127
What are the prime factors of 34090?
2, 5, 7, 487
List the prime factors of 2590.
2, 5, 7, 37
List the prime factors of 6056.
2, 757
What are the prime factors of 9847?
43, 229
What are the prime factors of 1065?
3, 5, 71
What are the prime factors of 780?
2, 3, 5, 13
List the prime factors of 19332.
2, 3, 179
List the prime factors of 13310.
2, 5, 11
What are the prime factors of 3140?
2, 5, 157
What are the prime factors of 24203?
24203
What are the prime factors of 1530?
2, 3, 5, 17
What are the prime factors of 1104?
2, 3, 23
List the prime factors of 146759.
43, 3413
List the prime factors of 856.
